{"id":9,"date":"2021-09-02T16:52:43","date_gmt":"2021-09-02T21:52:43","guid":{"rendered":"https:\/\/www.posgrado.unam.mx\/letras\/?page_id=9"},"modified":"2021-10-01T16:00:27","modified_gmt":"2021-10-01T21:00:27","slug":"nuestro-programa","status":"publish","type":"page","link":"https:\/\/posgrado.unam.mx\/letras\/nuestro-programa\/","title":{"rendered":"Introducci\u00f3n"},"content":{"rendered":"\n<figure class=\"wp-block-image size-large\"><img loading=\"lazy\" decoding=\"async\" width=\"1024\" height=\"580\" src=\"https:\/\/www.posgrado.unam.mx\/letras\/wp-content\/uploads\/2021\/09\/janko-ferlic-sfL_QOnmy00-unsplash_3-1024x580.jpg\" alt=\"\" class=\"wp-image-12\" srcset=\"https:\/\/posgrado.unam.mx\/letras\/wp-content\/uploads\/2021\/09\/janko-ferlic-sfL_QOnmy00-unsplash_3-1024x580.jpg 1024w, https:\/\/posgrado.unam.mx\/letras\/wp-content\/uploads\/2021\/09\/janko-ferlic-sfL_QOnmy00-unsplash_3-300x170.jpg 300w, https:\/\/posgrado.unam.mx\/letras\/wp-content\/uploads\/2021\/09\/janko-ferlic-sfL_QOnmy00-unsplash_3-768x435.jpg 768w, https:\/\/posgrado.unam.mx\/letras\/wp-content\/uploads\/2021\/09\/janko-ferlic-sfL_QOnmy00-unsplash_3-1536x870.jpg 1536w, https:\/\/posgrado.unam.mx\/letras\/wp-content\/uploads\/2021\/09\/janko-ferlic-sfL_QOnmy00-unsplash_3-2048x1160.jpg 2048w, https:\/\/posgrado.unam.mx\/letras\/wp-content\/uploads\/2021\/09\/janko-ferlic-sfL_QOnmy00-unsplash_3-360x204.jpg 360w\" sizes=\"auto, (max-width: 1024px) 100vw, 1024px\" \/><\/figure>\n\n\n\n<p>Los estudios filol\u00f3gicos y literarios son un medio imprescindible en el conocimiento de la condici\u00f3n humana y de la realidad social, as\u00ed como de las diversas mentalidades de que da cuenta la historia. El Programa de Maestr\u00eda y Doctorado en Letras sistematiza y orienta sus planes de estudio con vistas a proporcionar al alumno una formaci\u00f3n acad\u00e9mica de excelencia, que propicie una lectura cr\u00edtica, sensible y propositiva de los textos literarios. El t\u00e9rmino \u201cPrograma\u201d aludir\u00e1 siempre al Programa de Maestr\u00eda y Doctorado en Letras. Este \u00faltimo est\u00e1 constituido por dos planes de estudio. El plan de estudios del Doctorado en Letras se adecua, mientras que el de Maestr\u00eda en Letras se adecua y modifica. El plan de estudios de la Maestr\u00eda en Letras contiene, a su vez, los programas de las actividades acad\u00e9micas de dicho plan.<\/p>\n\n\n\n<p>Este Programa se fundamenta en la convicci\u00f3n de que el an\u00e1lisis sistematizado de la literatura, en el m\u00e1s alto nivel acad\u00e9mico, constituye una prioridad del conocimiento. Tiene como objetivo final la comprensi\u00f3n del fen\u00f3meno humano, meta en la que coincide con las dem\u00e1s disciplinas del \u00e1rea de las humanidades, si bien el rasgo espec\u00edfico de la literatura es la naturaleza est\u00e9tica de la palabra.<\/p>\n\n\n\n<p>Para el logro de los objetivos, el Programa de Maestr\u00eda y Doctorado en Letras proporciona al alumno las herramientas te\u00f3ricas, cr\u00edticas y metodol\u00f3gicas que conforman el acervo de la tradici\u00f3n filol\u00f3gica.<\/p>\n\n\n\n<h2 class=\"wp-block-heading\">Entidades acad\u00e9micas participantes:<\/h2>\n\n\n\n<p>Facultad de Filosof\u00eda y Letras<br>Instituto de Investigaciones Filol\u00f3gicas<br><\/p>\n\n\n\n<h2 class=\"wp-block-heading\">Denominaci\u00f3n de los grados que se otorgan:<\/h2>\n\n\n\n<ul class=\"wp-block-list\"><li>Maestro en Letras (Letras Cl\u00e1sicas)<\/li><li>Maestro en Letras (Letras Espa\u00f1olas)<\/li><li>Maestro en Letras (Letras Latinoamericanas)<\/li><li>Maestro en Letras (Letras Mexicanas)<\/li><li>Maestro en Letras (Letras Modernas en lengua alemana, francesa, inglesa, italiana y portuguesa)<\/li><li>Maestro en Letras (Literatura Comparada)<\/li><\/ul>\n\n\n\n<ul class=\"wp-block-list\"><li>Doctor en Letras<\/li><\/ul>\n","protected":false},"excerpt":{"rendered":"<p>Los estudios filol\u00f3gicos y literarios son un medio imprescindible en el conocimiento de la condici\u00f3n humana y de la realidad social, as\u00ed como de las diversas mentalidades de que da <a href=\"https:\/\/posgrado.unam.mx\/letras\/nuestro-programa\/\" class=\"read-more\">Read More &#8230;<\/a><\/p>\n","protected":false},"author":1,"featured_media":0,"parent":0,"menu_order":0,"comment_status":"closed","ping_status":"closed","template":"","meta":{"footnotes":""},"class_list":["post-9","page","type-page","status-publish","hentry"],"_links":{"self":[{"href":"https:\/\/posgrado.unam.mx\/letras\/wp-json\/wp\/v2\/pages\/9","targetHints":{"allow":["GET"]}}],"collection":[{"href":"https:\/\/posgrado.unam.mx\/letras\/wp-json\/wp\/v2\/pages"}],"about":[{"href":"https:\/\/posgrado.unam.mx\/letras\/wp-json\/wp\/v2\/types\/page"}],"author":[{"embeddable":true,"href":"https:\/\/posgrado.unam.mx\/letras\/wp-json\/wp\/v2\/users\/1"}],"replies":[{"embeddable":true,"href":"https:\/\/posgrado.unam.mx\/letras\/wp-json\/wp\/v2\/comments?post=9"}],"version-history":[{"count":4,"href":"https:\/\/posgrado.unam.mx\/letras\/wp-json\/wp\/v2\/pages\/9\/revisions"}],"predecessor-version":[{"id":467,"href":"https:\/\/posgrado.unam.mx\/letras\/wp-json\/wp\/v2\/pages\/9\/revisions\/467"}],"wp:attachment":[{"href":"https:\/\/posgrado.unam.mx\/letras\/wp-json\/wp\/v2\/media?parent=9"}],"curies":[{"name":"wp","href":"https:\/\/api.w.org\/{rel}","templated":true}]}}