{"id":2540,"date":"2025-04-23T12:28:19","date_gmt":"2025-04-23T17:28:19","guid":{"rendered":"https:\/\/posgrado.unam.mx\/letras\/?page_id=2540"},"modified":"2025-04-23T12:28:22","modified_gmt":"2025-04-23T17:28:22","slug":"resultados-pase-a-entrevista-convocatoria-al-doctorado-en-letras-2026-1","status":"publish","type":"page","link":"https:\/\/posgrado.unam.mx\/letras\/resultados-pase-a-entrevista-convocatoria-al-doctorado-en-letras-2026-1\/","title":{"rendered":"Resultados. Pase a Entrevista. Convocatoria al Doctorado en Letras 2026-1"},"content":{"rendered":"\n<div id=\"block-57a7b40b-0391-41a9-8448-d7099408d17e\" class=\"wp-block-image\"><figure class=\"aligncenter\"><img decoding=\"async\" src=\"https:\/\/posgrado.unam.mx\/letras\/wp-content\/uploads\/2021\/09\/unam_posgrado_letras-300x101.jpg\" alt=\"Esta imagen tiene un atributo ALT vac\u00edo; su nombre de archivo es unam_posgrado_letras-300x101.jpg\"\/><\/figure><\/div>\n\n\n\n<h2 class=\"has-text-align-center wp-block-heading\" id=\"block-8a42ddc2-ace6-4fdf-8908-357cec3a07a1\">Convocatoria 2026 -1<\/h2>\n\n\n\n<div style=\"height:20px\" aria-hidden=\"true\" class=\"wp-block-spacer\"><\/div>\n\n\n\n<p>En cumplimiento con lo estipulado en la convocatoria de ingreso al <strong>Doctorado en Letras<\/strong>, la Coordinaci\u00f3n del Programa de Maestr\u00eda y Doctorado en Letras da a conocer la lista de folios de los aspirantes seleccionados para pasar a la Etapa 2.C: <strong>LA ENTREVISTA.<\/strong><\/p>\n\n\n\n<p>Se mandar\u00e1 un correo electr\u00f3nico a los seleccionados para informarles la fecha y la hora de su entrevista.<\/p>\n\n\n\n<div style=\"height:20px\" aria-hidden=\"true\" class=\"wp-block-spacer\"><\/div>\n\n\n\n<figure class=\"wp-block-table is-style-stripes\"><table><tbody><tr><td>127542<\/td><td>136570<\/td><\/tr><tr><td>128599<\/td><td>137442<\/td><\/tr><tr><td>128600<\/td><td>137711<\/td><\/tr><tr><td>128647<\/td><td>138364<\/td><\/tr><tr><td>130205<\/td><td>138527<\/td><\/tr><tr><td>133136<\/td><td>138868<\/td><\/tr><tr><td>133776<\/td><td>139337<\/td><\/tr><tr><td>134085<\/td><td>139493<\/td><\/tr><tr><td>134602<\/td><td>140969<\/td><\/tr><tr><td>134963<\/td><td><\/td><\/tr><tr><td>135791<\/td><td><\/td><\/tr><\/tbody><\/table><\/figure>\n\n\n\n<div style=\"height:20px\" aria-hidden=\"true\" class=\"wp-block-spacer\"><\/div>\n\n\n\n<p><strong>SE ANULAR\u00c1 EL PROCESO DE ADMISI\u00d3N A LOS ASPIRANTES QUE NO SE PRESENTEN A LA ENTREVISTA EN EL D\u00cdA Y LA HORA SE\u00d1ALADAS.<\/strong><\/p>\n\n\n\n<div style=\"height:10px\" aria-hidden=\"true\" class=\"wp-block-spacer\"><\/div>\n\n\n\n<p id=\"block-6eaff8d4-b63e-49b0-b3de-ab16e7060ec0\"><strong>EL PROCESO DE SELECCI\u00d3N Y LOS RESULTADOS SON INAPELABLES.<\/strong><\/p>\n\n\n\n<div style=\"height:20px\" aria-hidden=\"true\" class=\"wp-block-spacer\"><\/div>\n\n\n\n<p id=\"block-c9270f15-457d-4d2a-81b1-c9ceb8adf50d\">A t e n t a m e n t e<br><strong>\u201cPOR MI RAZA HABLAR\u00c1 EL ESP\u00cdRITU\u201d<\/strong><br>Ciudad Universitaria, Cd. MX., a 23 de abril de 2025<br><strong>Comit\u00e9 Acad\u00e9mico del Programa de Maestr\u00eda y Doctorado en Letras<\/strong><\/p>\n\n\n\n<div style=\"height:10px\" aria-hidden=\"true\" class=\"wp-block-spacer\"><\/div>\n\n\n\n<figure class=\"wp-block-image is-resized\" id=\"block-28ce42a5-8175-4131-8606-3ea21880a533\"><img loading=\"lazy\" decoding=\"async\" src=\"https:\/\/posgrado.unam.mx\/letras\/wp-content\/uploads\/2024\/10\/LOGO-300x210.jpg\" alt=\"Esta imagen tiene un atributo ALT vac\u00edo; su nombre de archivo es LOGO-300x210.jpg\" width=\"150\" height=\"105\"\/><\/figure>\n","protected":false},"excerpt":{"rendered":"<p>Convocatoria 2026 -1 En cumplimiento con lo estipulado en la convocatoria de ingreso al Doctorado en Letras, la Coordinaci\u00f3n del Programa de Maestr\u00eda y Doctorado en Letras da a conocer <a href=\"https:\/\/posgrado.unam.mx\/letras\/resultados-pase-a-entrevista-convocatoria-al-doctorado-en-letras-2026-1\/\" class=\"read-more\">Read More &#8230;<\/a><\/p>\n","protected":false},"author":1,"featured_media":1592,"parent":0,"menu_order":0,"comment_status":"closed","ping_status":"closed","template":"","meta":{"footnotes":""},"class_list":["post-2540","page","type-page","status-publish","has-post-thumbnail","hentry"],"_links":{"self":[{"href":"https:\/\/posgrado.unam.mx\/letras\/wp-json\/wp\/v2\/pages\/2540","targetHints":{"allow":["GET"]}}],"collection":[{"href":"https:\/\/posgrado.unam.mx\/letras\/wp-json\/wp\/v2\/pages"}],"about":[{"href":"https:\/\/posgrado.unam.mx\/letras\/wp-json\/wp\/v2\/types\/page"}],"author":[{"embeddable":true,"href":"https:\/\/posgrado.unam.mx\/letras\/wp-json\/wp\/v2\/users\/1"}],"replies":[{"embeddable":true,"href":"https:\/\/posgrado.unam.mx\/letras\/wp-json\/wp\/v2\/comments?post=2540"}],"version-history":[{"count":2,"href":"https:\/\/posgrado.unam.mx\/letras\/wp-json\/wp\/v2\/pages\/2540\/revisions"}],"predecessor-version":[{"id":2543,"href":"https:\/\/posgrado.unam.mx\/letras\/wp-json\/wp\/v2\/pages\/2540\/revisions\/2543"}],"wp:featuredmedia":[{"embeddable":true,"href":"https:\/\/posgrado.unam.mx\/letras\/wp-json\/wp\/v2\/media\/1592"}],"wp:attachment":[{"href":"https:\/\/posgrado.unam.mx\/letras\/wp-json\/wp\/v2\/media?parent=2540"}],"curies":[{"name":"wp","href":"https:\/\/api.w.org\/{rel}","templated":true}]}}