{"id":2103,"date":"2024-05-31T17:56:03","date_gmt":"2024-05-31T22:56:03","guid":{"rendered":"https:\/\/posgrado.unam.mx\/letras\/?page_id=2103"},"modified":"2024-06-26T14:26:33","modified_gmt":"2024-06-26T19:26:33","slug":"convocatoria-de-ingreso-maestria-en-letras-2025-2","status":"publish","type":"page","link":"https:\/\/posgrado.unam.mx\/letras\/convocatoria-de-ingreso-maestria-en-letras-2025-2\/","title":{"rendered":"Convocatoria de ingreso Maestr\u00eda en Letras 2025-2"},"content":{"rendered":"\n<div id=\"block-fd1d0086-f668-4adb-b594-1f72d33b003b\" class=\"wp-block-image\"><figure class=\"aligncenter\"><img decoding=\"async\" src=\"https:\/\/www.posgrado.unam.mx\/letras\/wp-content\/uploads\/2021\/09\/unam_posgrado_letras-300x101.jpg\" alt=\"Esta imagen tiene un atributo ALT vac\u00edo; su nombre de archivo es unam_posgrado_letras-300x101.jpg\"\/><\/figure><\/div>\n\n\n\n<h2 class=\"has-text-align-center wp-block-heading\" id=\"block-c65424a3-2d91-45f3-b6ea-98657d7974c0\">Maestr\u00eda en Letras<\/h2>\n\n\n\n<div style=\"height:20px\" aria-hidden=\"true\" class=\"wp-block-spacer\"><\/div>\n\n\n\n<p class=\"has-text-align-center\" id=\"block-4c92eff8-c009-450e-9ee1-addc4ba9a888\">Instructivo de la <strong>Convocatoria<\/strong> para el ingreso en el <strong>semestre 2025-2<\/strong> que inicia actividades el <strong>27 de enero de 2025<\/strong>.<\/p>\n\n\n\n<div style=\"height:20px\" aria-hidden=\"true\" class=\"wp-block-spacer\"><\/div>\n\n\n\n<h2 class=\"wp-block-heading\" id=\"block-67a65d9b-1c51-4c83-beaa-7c31654c753e\"><a href=\"https:\/\/posgrado.unam.mx\/letras\/wp-content\/uploads\/2024\/06\/Instructivo-Maestri\u0301a-en-Letras-2025-2_VF.pdf\" data-type=\"URL\" data-id=\"https:\/\/posgrado.unam.mx\/letras\/wp-content\/uploads\/2024\/06\/Instructivo-Maestri\u0301a-en-Letras-2025-2_VF.pdf\" target=\"_blank\" rel=\"noreferrer noopener\">Leer m\u00e1s aqu\u00ed >><\/a><\/h2>\n\n\n\n<div style=\"height:30px\" aria-hidden=\"true\" class=\"wp-block-spacer\"><\/div>\n\n\n\n<p class=\"has-text-align-center\" id=\"block-899c2f25-1a78-4c14-a3e9-c5360a234cf3\">A t e n t a m e n t e<br><strong>\u201cPOR MI RAZA HABLAR\u00c1 EL ESP\u00cdRITU\u201d<\/strong><br>Ciudad Universitaria, Cd. MX., mayo de 2024<br><strong>Comit\u00e9 Acad\u00e9mico del Programa de Maestr\u00eda y Doctorado en Letras<\/strong><\/p>\n\n\n\n<div id=\"block-6f1caebf-c3e8-4991-934a-d827cfabc05d\" class=\"wp-block-image\"><figure class=\"aligncenter\"><img decoding=\"async\" src=\"https:\/\/www.posgrado.unam.mx\/letras\/wp-content\/uploads\/2021\/09\/PONTE-PUMA-COLOR-150x150.png\" alt=\"Esta imagen tiene un atributo ALT vac\u00edo; su nombre de archivo es PONTE-PUMA-COLOR-150x150.png\"\/><\/figure><\/div>\n","protected":false},"excerpt":{"rendered":"<p>Maestr\u00eda en Letras Instructivo de la Convocatoria para el ingreso en el semestre 2025-2 que inicia actividades el 27 de enero de 2025. Leer m\u00e1s aqu\u00ed >> A t e <a href=\"https:\/\/posgrado.unam.mx\/letras\/convocatoria-de-ingreso-maestria-en-letras-2025-2\/\" class=\"read-more\">Read More &#8230;<\/a><\/p>\n","protected":false},"author":1,"featured_media":988,"parent":0,"menu_order":0,"comment_status":"closed","ping_status":"closed","template":"","meta":{"footnotes":""},"class_list":["post-2103","page","type-page","status-publish","has-post-thumbnail","hentry"],"_links":{"self":[{"href":"https:\/\/posgrado.unam.mx\/letras\/wp-json\/wp\/v2\/pages\/2103","targetHints":{"allow":["GET"]}}],"collection":[{"href":"https:\/\/posgrado.unam.mx\/letras\/wp-json\/wp\/v2\/pages"}],"about":[{"href":"https:\/\/posgrado.unam.mx\/letras\/wp-json\/wp\/v2\/types\/page"}],"author":[{"embeddable":true,"href":"https:\/\/posgrado.unam.mx\/letras\/wp-json\/wp\/v2\/users\/1"}],"replies":[{"embeddable":true,"href":"https:\/\/posgrado.unam.mx\/letras\/wp-json\/wp\/v2\/comments?post=2103"}],"version-history":[{"count":5,"href":"https:\/\/posgrado.unam.mx\/letras\/wp-json\/wp\/v2\/pages\/2103\/revisions"}],"predecessor-version":[{"id":2151,"href":"https:\/\/posgrado.unam.mx\/letras\/wp-json\/wp\/v2\/pages\/2103\/revisions\/2151"}],"wp:featuredmedia":[{"embeddable":true,"href":"https:\/\/posgrado.unam.mx\/letras\/wp-json\/wp\/v2\/media\/988"}],"wp:attachment":[{"href":"https:\/\/posgrado.unam.mx\/letras\/wp-json\/wp\/v2\/media?parent=2103"}],"curies":[{"name":"wp","href":"https:\/\/api.w.org\/{rel}","templated":true}]}}