{"id":21,"date":"2021-09-02T17:40:10","date_gmt":"2021-09-02T22:40:10","guid":{"rendered":"https:\/\/www.posgrado.unam.mx\/letras\/?page_id=21"},"modified":"2026-08-06T15:33:49","modified_gmt":"2026-08-06T20:33:49","slug":"directorio","status":"publish","type":"page","link":"https:\/\/posgrado.unam.mx\/letras\/directorio\/","title":{"rendered":"Directorio"},"content":{"rendered":"\n<figure class=\"wp-block-gallery has-nested-images columns-default is-cropped wp-block-gallery-1 is-layout-flex wp-block-gallery-is-layout-flex\">\n<figure class=\"wp-block-image size-large\"><img loading=\"lazy\" decoding=\"async\" width=\"1024\" height=\"397\" data-id=\"134\" src=\"https:\/\/posgrado.unam.mx\/letras\/wp-content\/uploads\/2021\/09\/unidad_pag_directorio-1024x397.jpg\" alt=\"\" class=\"wp-image-134\" srcset=\"https:\/\/posgrado.unam.mx\/letras\/wp-content\/uploads\/2021\/09\/unidad_pag_directorio-1024x397.jpg 1024w, https:\/\/posgrado.unam.mx\/letras\/wp-content\/uploads\/2021\/09\/unidad_pag_directorio-300x116.jpg 300w, https:\/\/posgrado.unam.mx\/letras\/wp-content\/uploads\/2021\/09\/unidad_pag_directorio-768x298.jpg 768w, https:\/\/posgrado.unam.mx\/letras\/wp-content\/uploads\/2021\/09\/unidad_pag_directorio-360x140.jpg 360w, https:\/\/posgrado.unam.mx\/letras\/wp-content\/uploads\/2021\/09\/unidad_pag_directorio.jpg 1418w\" sizes=\"auto, (max-width: 1024px) 100vw, 1024px\" \/><figcaption class=\"wp-element-caption\">Unidad de Posgrado, UNAM<\/figcaption><\/figure>\n<\/figure>\n\n\n\n<h2 class=\"wp-block-heading\"><strong>Programa de Maestr\u00eda y Doctorado en Letras<\/strong><\/h2>\n\n\n\n<div style=\"height:20px\" aria-hidden=\"true\" class=\"wp-block-spacer\"><\/div>\n\n\n\n<p>Dr. David Garc\u00eda P\u00e9rez<br><strong>Coordinaci\u00f3n<\/strong><br><a href=\"mailto:davidgarcia@posgrado.unam.mx\" target=\"_blank\" rel=\"noreferrer noopener\"><\/a><a href=\"mailto:davidgarcia@posgrado.unam.mx\" target=\"_blank\" rel=\"noreferrer noopener\">davidgarcia@posgrado.unam.mx<\/a><br>55 5623 7041<\/p>\n\n\n\n<div style=\"height:20px\" aria-hidden=\"true\" class=\"wp-block-spacer\"><\/div>\n\n\n\n<p>Mtra. Brenda Franco<br><strong>Secretar\u00eda Auxiliar<\/strong><br><a href=\"mailto:bfranco@posgrado.unam.mx\" target=\"_blank\" rel=\"noreferrer noopener\">bfranco@posgrado.unam.mx<\/a><\/p>\n\n\n\n<div style=\"height:20px\" aria-hidden=\"true\" class=\"wp-block-spacer\"><\/div>\n\n\n\n<p>Mtra. Mar\u00eda Gloria Calder\u00f3n <meta charset=\"utf-8\"><\/meta>Xelhuantzi<br><strong>\u00c1rea de Procesos<\/strong><br><a href=\"mailto:bfranco@posgrado.unam.mx\" target=\"_blank\" rel=\"noreferrer noopener\"><meta charset=\"utf-8\"><\/meta><\/a><a href=\"mailto:gcalderon@posgrado.unam.mx\" target=\"_blank\" rel=\"noreferrer noopener\">gcalderon@posgrado.unam.mx<\/a><\/p>\n\n\n\n<div style=\"height:20px\" aria-hidden=\"true\" class=\"wp-block-spacer\"><\/div>\n\n\n\n<p>Mtro. Mircea Gerardo Lavaniegos Solares<br><strong>Representante alumnos del doctorado<br><\/strong><a href=\"mailto:lavaniegos.mircea@gmail.com\" target=\"_blank\" rel=\"noreferrer noopener\"><a href=\"mailto:lavaniegos.mircea@gmail.com\" target=\"_blank\" rel=\"noreferrer noopener\">lavaniegos.mircea@gmail.com<\/a><\/a><\/p>\n\n\n\n<div style=\"height:20px\" aria-hidden=\"true\" class=\"wp-block-spacer\"><\/div>\n\n\n\n<p>Lic. Juan Eduardo Oropeza Le\u00f3n<br><strong>Representante de alumnos de la maestr\u00eda<br><\/strong><a href=\"mailto:jeduleon04@gmail.com\" target=\"_blank\" rel=\"noreferrer noopener\"><a href=\"mailto:jeduleon04@gmail.com\" target=\"_blank\" rel=\"noreferrer noopener\">jeduleon04@gmail.com<\/a><\/a><\/p>\n\n\n\n<div style=\"height:20px\" aria-hidden=\"true\" class=\"wp-block-spacer\"><\/div>\n\n\n\n<p>Direcci\u00f3n: Unidad de Posgrado, Edificio G, 1er. piso, Circuito de Posgrados, Ciudad Universitaria. Alcald\u00eda Coyoac\u00e1n, C.P. 04510, Cd. Mx.<br>Horario de atenci\u00f3n: lunes a jueves de 10:00 a 14:00 hrs.<br><a rel=\"noreferrer noopener\" href=\"mailto:coordinacionletras@posgrado.unam.mx\" target=\"_blank\">coordinacionletras@posgrado.unam.mx<\/a><\/p>\n\n\n\n<iframe src=\"https:\/\/www.google.com\/maps\/embed?pb=!1m14!1m8!1m3!1d15061.469851625601!2d-99.1852918!3d19.3098546!3m2!1i1024!2i768!4f13.1!3m3!1m2!1s0x0%3A0x85c19809e390b54c!2sUnidad%20de%20Posgrado%20UNAM!5e0!3m2!1ses-419!2smx!4v1630622882801!5m2!1ses-419!2smx\" width=\"600\" height=\"450\" style=\"border:0;\" allowfullscreen=\"\" loading=\"lazy\"><\/iframe>\n","protected":false},"excerpt":{"rendered":"<p>Programa de Maestr\u00eda y Doctorado en Letras Dr. David Garc\u00eda P\u00e9rezCoordinaci\u00f3ndavidgarcia@posgrado.unam.mx55 5623 7041 Mtra. Brenda FrancoSecretar\u00eda Auxiliarbfranco@posgrado.unam.mx Mtra. Mar\u00eda Gloria Calder\u00f3n Xelhuantzi\u00c1rea de Procesosgcalderon@posgrado.unam.mx Mtro. Mircea Gerardo Lavaniegos SolaresRepresentante alumnos <a href=\"https:\/\/posgrado.unam.mx\/letras\/directorio\/\" class=\"read-more\">Read More &#8230;<\/a><\/p>\n","protected":false},"author":1,"featured_media":0,"parent":0,"menu_order":0,"comment_status":"closed","ping_status":"closed","template":"","meta":{"footnotes":""},"class_list":["post-21","page","type-page","status-publish","hentry"],"_links":{"self":[{"href":"https:\/\/posgrado.unam.mx\/letras\/wp-json\/wp\/v2\/pages\/21","targetHints":{"allow":["GET"]}}],"collection":[{"href":"https:\/\/posgrado.unam.mx\/letras\/wp-json\/wp\/v2\/pages"}],"about":[{"href":"https:\/\/posgrado.unam.mx\/letras\/wp-json\/wp\/v2\/types\/page"}],"author":[{"embeddable":true,"href":"https:\/\/posgrado.unam.mx\/letras\/wp-json\/wp\/v2\/users\/1"}],"replies":[{"embeddable":true,"href":"https:\/\/posgrado.unam.mx\/letras\/wp-json\/wp\/v2\/comments?post=21"}],"version-history":[{"count":12,"href":"https:\/\/posgrado.unam.mx\/letras\/wp-json\/wp\/v2\/pages\/21\/revisions"}],"predecessor-version":[{"id":3163,"href":"https:\/\/posgrado.unam.mx\/letras\/wp-json\/wp\/v2\/pages\/21\/revisions\/3163"}],"wp:attachment":[{"href":"https:\/\/posgrado.unam.mx\/letras\/wp-json\/wp\/v2\/media?parent=21"}],"curies":[{"name":"wp","href":"https:\/\/api.w.org\/{rel}","templated":true}]}}

<figure class="wp-block-gallery has-nested-images columns-default is-cropped wp-block-gallery-1 is-layout-flex wp-block-gallery-is-layout-flex">
<figure class="wp-block-image size-large"><img loading="lazy" decoding="async" width="1024" height="397" data-id="134" src="https://posgrado.unam.mx/letras/wp-content/uploads/2021/09/unidad_pag_directorio-1024x397.jpg" alt="" class="wp-image-134" srcset="https://posgrado.unam.mx/letras/wp-content/uploads/2021/09/unidad_pag_directorio-1024x397.jpg 1024w, https://posgrado.unam.mx/letras/wp-content/uploads/2021/09/unidad_pag_directorio-300x116.jpg 300w, https://posgrado.unam.mx/letras/wp-content/uploads/2021/09/unidad_pag_directorio-768x298.jpg 768w, https://posgrado.unam.mx/letras/wp-content/uploads/2021/09/unidad_pag_directorio-360x140.jpg 360w, https://posgrado.unam.mx/letras/wp-content/uploads/2021/09/unidad_pag_directorio.jpg 1418w" sizes="auto, (max-width: 1024px) 100vw, 1024px" /><figcaption class="wp-element-caption">Unidad de Posgrado, UNAM</figcaption></figure>
</figure>



<h2 class="wp-block-heading"><strong>Programa de Maestría y Doctorado en Letras</strong></h2>



<div style="height:20px" aria-hidden="true" class="wp-block-spacer"></div>



<p>Dr. David García Pérez<br><strong>Coordinación</strong><br><a href="mailto:davidgarcia@posgrado.unam.mx" target="_blank" rel="noreferrer noopener"></a><a href="mailto:davidgarcia@posgrado.unam.mx" target="_blank" rel="noreferrer noopener">davidgarcia@posgrado.unam.mx</a><br>55 5623 7041</p>



<div style="height:20px" aria-hidden="true" class="wp-block-spacer"></div>



<p>Mtra. Brenda Franco<br><strong>Secretaría Auxiliar</strong><br><a href="mailto:bfranco@posgrado.unam.mx" target="_blank" rel="noreferrer noopener">bfranco@posgrado.unam.mx</a></p>



<div style="height:20px" aria-hidden="true" class="wp-block-spacer"></div>



<p>Mtra. María Gloria Calderón <meta charset="utf-8"></meta>Xelhuantzi<br><strong>Área de Procesos</strong><br><a href="mailto:bfranco@posgrado.unam.mx" target="_blank" rel="noreferrer noopener"><meta charset="utf-8"></meta></a><a href="mailto:gcalderon@posgrado.unam.mx" target="_blank" rel="noreferrer noopener">gcalderon@posgrado.unam.mx</a></p>



<div style="height:20px" aria-hidden="true" class="wp-block-spacer"></div>



<p>Mtro. Mircea Gerardo Lavaniegos Solares<br><strong>Representante alumnos del doctorado<br></strong><a href="mailto:lavaniegos.mircea@gmail.com" target="_blank" rel="noreferrer noopener"><a href="mailto:lavaniegos.mircea@gmail.com" target="_blank" rel="noreferrer noopener">lavaniegos.mircea@gmail.com</a></a></p>



<div style="height:20px" aria-hidden="true" class="wp-block-spacer"></div>



<p>Lic. Juan Eduardo Oropeza León<br><strong>Representante de alumnos de la maestría<br></strong><a href="mailto:jeduleon04@gmail.com" target="_blank" rel="noreferrer noopener"><a href="mailto:jeduleon04@gmail.com" target="_blank" rel="noreferrer noopener">jeduleon04@gmail.com</a></a></p>



<div style="height:20px" aria-hidden="true" class="wp-block-spacer"></div>



<p>Dirección: Unidad de Posgrado, Edificio G, 1er. piso, Circuito de Posgrados, Ciudad Universitaria. Alcaldía Coyoacán, C.P. 04510, Cd. Mx.<br>Horario de atención: lunes a jueves de 10:00 a 14:00 hrs.<br><a rel="noreferrer noopener" href="mailto:coordinacionletras@posgrado.unam.mx" target="_blank">coordinacionletras@posgrado.unam.mx</a></p>



<iframe src="https://www.google.com/maps/embed?pb=!1m14!1m8!1m3!1d15061.469851625601!2d-99.1852918!3d19.3098546!3m2!1i1024!2i768!4f13.1!3m3!1m2!1s0x0%3A0x85c19809e390b54c!2sUnidad%20de%20Posgrado%20UNAM!5e0!3m2!1ses-419!2smx!4v1630622882801!5m2!1ses-419!2smx" width="600" height="450" style="border:0;" allowfullscreen="" loading="lazy"></iframe>

<p>Programa de Maestría y Doctorado en Letras Dr. David García PérezCoordinacióndavidgarcia@posgrado.unam.mx55 5623 7041 Mtra. Brenda FrancoSecretaría Auxiliarbfranco@posgrado.unam.mx Mtra. María Gloria Calderón XelhuantziÁrea de Procesosgcalderon@posgrado.unam.mx Mtro. Mircea Gerardo Lavaniegos SolaresRepresentante alumnos <a href="https://posgrado.unam.mx/letras/directorio/" class="read-more">Read More &#8230;</a></p>
