{"id":21,"date":"2021-09-02T17:40:10","date_gmt":"2021-09-02T22:40:10","guid":{"rendered":"https:\/\/www.posgrado.unam.mx\/letras\/?page_id=21"},"modified":"2025-08-05T15:07:22","modified_gmt":"2025-08-05T20:07:22","slug":"directorio","status":"publish","type":"page","link":"https:\/\/posgrado.unam.mx\/letras\/directorio\/","title":{"rendered":"Directorio"},"content":{"rendered":"\n<figure class=\"wp-block-gallery has-nested-images columns-default is-cropped wp-block-gallery-1 is-layout-flex wp-block-gallery-is-layout-flex\">\n<figure class=\"wp-block-image size-large\"><img loading=\"lazy\" decoding=\"async\" width=\"1024\" height=\"397\" data-id=\"134\" src=\"https:\/\/posgrado.unam.mx\/letras\/wp-content\/uploads\/2021\/09\/unidad_pag_directorio-1024x397.jpg\" alt=\"\" class=\"wp-image-134\" srcset=\"https:\/\/posgrado.unam.mx\/letras\/wp-content\/uploads\/2021\/09\/unidad_pag_directorio-1024x397.jpg 1024w, https:\/\/posgrado.unam.mx\/letras\/wp-content\/uploads\/2021\/09\/unidad_pag_directorio-300x116.jpg 300w, https:\/\/posgrado.unam.mx\/letras\/wp-content\/uploads\/2021\/09\/unidad_pag_directorio-768x298.jpg 768w, https:\/\/posgrado.unam.mx\/letras\/wp-content\/uploads\/2021\/09\/unidad_pag_directorio-360x140.jpg 360w, https:\/\/posgrado.unam.mx\/letras\/wp-content\/uploads\/2021\/09\/unidad_pag_directorio.jpg 1418w\" sizes=\"auto, (max-width: 1024px) 100vw, 1024px\" \/><figcaption class=\"wp-element-caption\">Unidad de Posgrado, UNAM<\/figcaption><\/figure>\n<\/figure>\n\n\n\n<h2 class=\"wp-block-heading\"><strong>Programa de Maestr\u00eda y Doctorado en Letras<\/strong><\/h2>\n\n\n\n<div style=\"height:20px\" aria-hidden=\"true\" class=\"wp-block-spacer\"><\/div>\n\n\n\n<p><strong>Dr. David Garc\u00eda P\u00e9rez<br>Coordinaci\u00f3n<\/strong><br><a href=\"mailto:coordinacionletras@posgrado.unam.mx\" target=\"_blank\" rel=\"noreferrer noopener\">coordinacionletras@posgrado.unam.mx<\/a><br>55 5623 7041<\/p>\n\n\n\n<div style=\"height:20px\" aria-hidden=\"true\" class=\"wp-block-spacer\"><\/div>\n\n\n\n<p><strong>Mtra. Brenda Franco<\/strong><br><strong>Secretar\u00eda Auxiliar<\/strong><br><a rel=\"noreferrer noopener\" href=\"mailto:bfranco@posgrado.unam.mx\" target=\"_blank\">bfranco@posgrado.unam.mx<\/a><\/p>\n\n\n\n<div style=\"height:20px\" aria-hidden=\"true\" class=\"wp-block-spacer\"><\/div>\n\n\n\n<p><strong>Mtra. Mar\u00eda Gloria Calder\u00f3n<\/strong> <meta charset=\"utf-8\"><strong>Xelhuantzi<\/strong><br><strong>\u00c1rea de Procesos<\/strong><br><a rel=\"noreferrer noopener\" href=\"mailto:bfranco@posgrado.unam.mx\" target=\"_blank\"><meta charset=\"utf-8\"><\/a><a rel=\"noreferrer noopener\" href=\"mailto:gcalderon@posgrado.unam.mx\" target=\"_blank\">gcalderon@posgrado.unam.mx<\/a><\/p>\n\n\n\n<div style=\"height:30px\" aria-hidden=\"true\" class=\"wp-block-spacer\"><\/div>\n\n\n\n<p>Secci\u00f3n escolar:&nbsp;<a rel=\"noreferrer noopener\" href=\"mailto:letrasposgrado@gmail.com\" target=\"_blank\">letrasposgrado@gmail.com<\/a><\/p>\n\n\n\n<p>Direcci\u00f3n: Unidad de Posgrado, Edificio G, 1er. piso, Circuito de Posgrados, Ciudad Universitaria. Alcald\u00eda Coyoac\u00e1n, C.P. 04510, Cd. Mx.<br>Horario de atenci\u00f3n: lunes a jueves de 10:00 a 14:00 hrs.<br><a rel=\"noreferrer noopener\" href=\"mailto:coordinacionletras@posgrado.unam.mx\" target=\"_blank\">coordinacionletras@posgrado.unam.mx<\/a><\/p>\n\n\n\n<iframe src=\"https:\/\/www.google.com\/maps\/embed?pb=!1m14!1m8!1m3!1d15061.469851625601!2d-99.1852918!3d19.3098546!3m2!1i1024!2i768!4f13.1!3m3!1m2!1s0x0%3A0x85c19809e390b54c!2sUnidad%20de%20Posgrado%20UNAM!5e0!3m2!1ses-419!2smx!4v1630622882801!5m2!1ses-419!2smx\" width=\"600\" height=\"450\" style=\"border:0;\" allowfullscreen=\"\" loading=\"lazy\"><\/iframe>\n","protected":false},"excerpt":{"rendered":"<p>Programa de Maestr\u00eda y Doctorado en Letras Dr. David Garc\u00eda P\u00e9rezCoordinaci\u00f3ncoordinacionletras@posgrado.unam.mx55 5623 7041 Mtra. Brenda FrancoSecretar\u00eda Auxiliarbfranco@posgrado.unam.mx Mtra. Mar\u00eda Gloria Calder\u00f3n Xelhuantzi\u00c1rea de Procesosgcalderon@posgrado.unam.mx Secci\u00f3n escolar:&nbsp;letrasposgrado@gmail.com Direcci\u00f3n: Unidad de Posgrado, <a href=\"https:\/\/posgrado.unam.mx\/letras\/directorio\/\" class=\"read-more\">Read More &#8230;<\/a><\/p>\n","protected":false},"author":1,"featured_media":0,"parent":0,"menu_order":0,"comment_status":"closed","ping_status":"closed","template":"","meta":{"footnotes":""},"class_list":["post-21","page","type-page","status-publish","hentry"],"_links":{"self":[{"href":"https:\/\/posgrado.unam.mx\/letras\/wp-json\/wp\/v2\/pages\/21","targetHints":{"allow":["GET"]}}],"collection":[{"href":"https:\/\/posgrado.unam.mx\/letras\/wp-json\/wp\/v2\/pages"}],"about":[{"href":"https:\/\/posgrado.unam.mx\/letras\/wp-json\/wp\/v2\/types\/page"}],"author":[{"embeddable":true,"href":"https:\/\/posgrado.unam.mx\/letras\/wp-json\/wp\/v2\/users\/1"}],"replies":[{"embeddable":true,"href":"https:\/\/posgrado.unam.mx\/letras\/wp-json\/wp\/v2\/comments?post=21"}],"version-history":[{"count":10,"href":"https:\/\/posgrado.unam.mx\/letras\/wp-json\/wp\/v2\/pages\/21\/revisions"}],"predecessor-version":[{"id":2600,"href":"https:\/\/posgrado.unam.mx\/letras\/wp-json\/wp\/v2\/pages\/21\/revisions\/2600"}],"wp:attachment":[{"href":"https:\/\/posgrado.unam.mx\/letras\/wp-json\/wp\/v2\/media?parent=21"}],"curies":[{"name":"wp","href":"https:\/\/api.w.org\/{rel}","templated":true}]}}